{"id":3024,"date":"2023-04-05T14:05:27","date_gmt":"2023-04-05T12:05:27","guid":{"rendered":"https:\/\/www.cimoio.de\/cms\/?page_id=3024"},"modified":"2024-05-03T16:02:12","modified_gmt":"2024-05-03T14:02:12","slug":"cimoio-blog","status":"publish","type":"page","link":"https:\/\/www.cimoio.de\/cms\/cimoio-blog\/","title":{"rendered":"cimoio Blog"},"content":{"rendered":"\n[et_pb_section fb_built=&#8220;1&#8243; _builder_version=&#8220;4.20.4&#8243; _module_preset=&#8220;74e3c6fb-647a-49bb-96a6-4a121c7b7aae&#8220; global_colors_info=&#8220;{}&#8220;][et_pb_row column_structure=&#8220;1_4,3_4&#8243; _builder_version=&#8220;4.20.4&#8243; _module_preset=&#8220;default&#8220; global_colors_info=&#8220;{}&#8220;][et_pb_column type=&#8220;1_4&#8243; _builder_version=&#8220;4.20.4&#8243; _module_preset=&#8220;default&#8220; global_colors_info=&#8220;{}&#8220;][et_pb_icon font_icon=&#8220;&#xf781;||fa||900&#8243; icon_color=&#8220;#FFFFFF&#8220; icon_width=&#8220;128px&#8220; align=&#8220;left&#8220; _builder_version=&#8220;4.20.4&#8243; _module_preset=&#8220;default&#8220; global_colors_info=&#8220;{}&#8220;][\/et_pb_icon][\/et_pb_column][et_pb_column type=&#8220;3_4&#8243; _builder_version=&#8220;4.20.4&#8243; _module_preset=&#8220;default&#8220; global_colors_info=&#8220;{}&#8220;][et_pb_text _builder_version=&#8220;4.22.0&#8243; _module_preset=&#8220;6aefb096-509e-4f36-a71e-e71a8d1d6284&#8243; text_font_size=&#8220;32px&#8220; custom_margin=&#8220;57px|||-235px|false|false&#8220; custom_padding=&#8220;|||95px|false|false&#8220; global_colors_info=&#8220;{}&#8220;]<h1>Der offizielle cimoio Blog<\/h1>[\/et_pb_text][et_pb_text _builder_version=&#8220;4.22.0&#8243; _module_preset=&#8220;6aefb096-509e-4f36-a71e-e71a8d1d6284&#8243; global_colors_info=&#8220;{}&#8220;]<h2><strong>Willkommen beim cimoio Blog: Ihr Tor zur Zukunft des Lernens<\/strong><\/h2>[\/et_pb_text][et_pb_text _builder_version=&#8220;4.22.0&#8243; _module_preset=&#8220;6aefb096-509e-4f36-a71e-e71a8d1d6284&#8243; global_colors_info=&#8220;{}&#8220;]<p>Herzlich willkommen bei unserem cimoio Blog &#8211; einem digitalen Raum, der sich der M\u00f6glichkeiten moderner Bildung durch die Linse unseres integrierten und modernen <a href=\"https:\/\/www.cimoio.de\/cms\/was-ist-ein-learning-management-system-lms\/\" title=\"Unsere Sicht auf den Begriff LMS\">Learning Management Systems (LMS)<\/a> und <a href=\"https:\/\/www.cimoio.de\/cms\/was-ist-ein-trainingsmanagementsystem-tms\/\" title=\"Unsere Sicht auf den Begriff TMS\">Trainingsmanagementsystem (TMS)<\/a> cimoio widmet. Hier tauchen wir tief in die Welt der Bildungsinnovation, p\u00e4dagogischen Exzellenz und der nahtlosen Integration von Technologie ein. Wir verbessern gleicherma\u00dfen das Lernerlebnis f\u00fcr Lehrende und Lernende und die Arbeitsprozesse f\u00fcr die Verwaltungskr\u00e4fte.<\/p>[\/et_pb_text][et_pb_text _builder_version=&#8220;4.22.0&#8243; _module_preset=&#8220;6aefb096-509e-4f36-a71e-e71a8d1d6284&#8243; global_colors_info=&#8220;{}&#8220;]<h2><strong>Warum unser cimoio-Blog wichtig ist:<\/strong><\/h2>[\/et_pb_text][et_pb_text _builder_version=&#8220;4.22.0&#8243; _module_preset=&#8220;6aefb096-509e-4f36-a71e-e71a8d1d6284&#8243; hover_enabled=&#8220;0&#8243; global_colors_info=&#8220;{}&#8220; sticky_enabled=&#8220;0&#8243;]<p>In einer Welt, die sich rasant durch Technologie ver\u00e4ndert, hat auch die Bildung eine bemerkenswerte Entwicklung durchlaufen. Unser cimoio-Blog ist Ihr Kompass in dieser dynamischen Landschaft. Hier erkunden wir die neuesten Trends, teilen Einsichten und nehmen an Diskussionen teil, wie unser LMS cimoio in vollem Umfang genutzt werden kann. Ob Sie Lehrende, Studierende oder lebenslange Lernende sind. Oder auch Personalentwickler oder Produkttrainer: dieser Blog ist Ihr Schatz an Inspiration und Wissen.<\/p>[\/et_pb_text][et_pb_text _builder_version=&#8220;4.22.0&#8243; _module_preset=&#8220;6aefb096-509e-4f36-a71e-e71a8d1d6284&#8243; text_font_size=&#8220;20px&#8220; global_colors_info=&#8220;{}&#8220;]<div class=\"group w-full text-token-text-primary border-b border-black\/10 dark:border-gray-900\/50 bg-gray-50 dark:bg-[#444654]\">\n<div class=\"flex p-4 gap-4 text-base md:gap-6 md:max-w-2xl lg:max-w-[38rem] xl:max-w-3xl md:py-6 lg:px-0 m-auto\">\n<div class=\"relative flex w-[calc(100%-50px)] flex-col gap-1 md:gap-3 lg:w-[calc(100%-115px)]\">\n<div class=\"flex flex-grow flex-col gap-3\">\n<div class=\"min-h-[20px] flex flex-col items-start gap-3 overflow-x-auto whitespace-pre-wrap break-words\">\n<div class=\"markdown prose w-full break-words dark:prose-invert light\">\n<p><strong>Lassen Sie uns gemeinsam erkunden, lernen und innovieren!<\/strong><\/p>\n<\/div>\n<\/div>\n<\/div>\n<\/div>\n<\/div>\n<\/div>[\/et_pb_text][\/et_pb_column][\/et_pb_row][\/et_pb_section][et_pb_section fb_built=&#8220;1&#8243; _builder_version=&#8220;4.20.4&#8243; _module_preset=&#8220;default&#8220; global_colors_info=&#8220;{}&#8220;][et_pb_row column_structure=&#8220;3_4,1_4&#8243; _builder_version=&#8220;4.20.4&#8243; _module_preset=&#8220;default&#8220; global_colors_info=&#8220;{}&#8220;][et_pb_column type=&#8220;3_4&#8243; _builder_version=&#8220;4.20.4&#8243; _module_preset=&#8220;default&#8220; global_colors_info=&#8220;{}&#8220;][et_pb_blog include_categories=&#8220;all&#8220; show_author=&#8220;off&#8220; _builder_version=&#8220;4.20.4&#8243; _module_preset=&#8220;default&#8220; header_text_color=&#8220;#009fe3&#8243; body_text_color=&#8220;#555555&#8243; meta_text_color=&#8220;#009fe3&#8243; global_colors_info=&#8220;{}&#8220;][\/et_pb_blog][\/et_pb_column][et_pb_column type=&#8220;1_4&#8243; _builder_version=&#8220;4.20.4&#8243; _module_preset=&#8220;default&#8220; global_colors_info=&#8220;{}&#8220;][et_pb_sidebar show_border=&#8220;off&#8220; module_class=&#8220;BlogSideBar&#8220; _builder_version=&#8220;4.20.4&#8243; _module_preset=&#8220;default&#8220; header_text_color=&#8220;#009fe3&#8243; body_text_color=&#8220;#009fe3&#8243; background_layout=&#8220;dark&#8220; global_colors_info=&#8220;{}&#8220;][\/et_pb_sidebar][\/et_pb_column][\/et_pb_row][\/et_pb_section]\n","protected":false},"excerpt":{"rendered":"<p>Der offizielle cimoio BlogWillkommen beim cimoio Blog: Ihr Tor zur Zukunft des LernensHerzlich willkommen bei unserem cimoio Blog &#8211; einem digitalen Raum, der sich der M\u00f6glichkeiten moderner Bildung durch die Linse unseres integrierten und modernen Learning Management Systems (LMS) und Trainingsmanagementsystem (TMS) cimoio widmet. Hier tauchen wir tief in die Welt der Bildungsinnovation, p\u00e4dagogischen Exzellenz [&hellip;]<\/p>\n","protected":false},"author":5,"featured_media":0,"parent":0,"menu_order":50,"comment_status":"closed","ping_status":"closed","template":"","meta":{"_et_pb_use_builder":"on","_et_pb_old_content":"","_et_gb_content_width":"","inline_featured_image":false,"footnotes":""},"class_list":["post-3024","page","type-page","status-publish","hentry"],"yoast_head":"<!-- This site is optimized with the Yoast SEO plugin v27.4 - https:\/\/yoast.com\/product\/yoast-seo-wordpress\/ -->\n<title>cimoio Blog<\/title>\n<meta name=\"description\" content=\"Willkommen auf dem cimoio Blog. Hier ver\u00f6ffentlichen wir regelm\u00e4\u00dfig News zur LMS und TMS Software cimoio der STL GmbH\" \/>\n<meta name=\"robots\" content=\"index, follow, max-snippet:-1, max-image-preview:large, max-video-preview:-1\" \/>\n<link rel=\"canonical\" href=\"https:\/\/www.cimoio.de\/cms\/cimoio-blog\/\" \/>\n<meta property=\"og:locale\" content=\"de_DE\" \/>\n<meta property=\"og:type\" content=\"article\" \/>\n<meta property=\"og:title\" content=\"cimoio Blog\" \/>\n<meta property=\"og:description\" content=\"Willkommen auf dem cimoio Blog. Hier ver\u00f6ffentlichen wir regelm\u00e4\u00dfig News zur LMS und TMS Software cimoio der STL GmbH\" \/>\n<meta property=\"og:url\" content=\"https:\/\/www.cimoio.de\/cms\/cimoio-blog\/\" \/>\n<meta property=\"og:site_name\" content=\"cimoio\" \/>\n<meta property=\"article:modified_time\" content=\"2024-05-03T14:02:12+00:00\" \/>\n<meta name=\"twitter:card\" content=\"summary_large_image\" \/>\n<script type=\"application\/ld+json\" class=\"yoast-schema-graph\">{\"@context\":\"https:\\\/\\\/schema.org\",\"@graph\":[{\"@type\":\"WebPage\",\"@id\":\"https:\\\/\\\/www.cimoio.de\\\/cms\\\/cimoio-blog\\\/\",\"url\":\"https:\\\/\\\/www.cimoio.de\\\/cms\\\/cimoio-blog\\\/\",\"name\":\"cimoio Blog\",\"isPartOf\":{\"@id\":\"https:\\\/\\\/www.cimoio.de\\\/cms\\\/#website\"},\"datePublished\":\"2023-04-05T12:05:27+00:00\",\"dateModified\":\"2024-05-03T14:02:12+00:00\",\"description\":\"Willkommen auf dem cimoio Blog. Hier ver\u00f6ffentlichen wir regelm\u00e4\u00dfig News zur LMS und TMS Software cimoio der STL GmbH\",\"breadcrumb\":{\"@id\":\"https:\\\/\\\/www.cimoio.de\\\/cms\\\/cimoio-blog\\\/#breadcrumb\"},\"inLanguage\":\"de\",\"potentialAction\":[{\"@type\":\"ReadAction\",\"target\":[\"https:\\\/\\\/www.cimoio.de\\\/cms\\\/cimoio-blog\\\/\"]}]},{\"@type\":\"BreadcrumbList\",\"@id\":\"https:\\\/\\\/www.cimoio.de\\\/cms\\\/cimoio-blog\\\/#breadcrumb\",\"itemListElement\":[{\"@type\":\"ListItem\",\"position\":1,\"name\":\"Home\",\"item\":\"https:\\\/\\\/www.cimoio.de\\\/cms\\\/\"},{\"@type\":\"ListItem\",\"position\":2,\"name\":\"cimoio Blog\"}]},{\"@type\":\"WebSite\",\"@id\":\"https:\\\/\\\/www.cimoio.de\\\/cms\\\/#website\",\"url\":\"https:\\\/\\\/www.cimoio.de\\\/cms\\\/\",\"name\":\"cimoio\",\"description\":\"Trainingsmanagement Software f\u00fcr Unternehmen\",\"publisher\":{\"@id\":\"https:\\\/\\\/www.cimoio.de\\\/cms\\\/#organization\"},\"potentialAction\":[{\"@type\":\"SearchAction\",\"target\":{\"@type\":\"EntryPoint\",\"urlTemplate\":\"https:\\\/\\\/www.cimoio.de\\\/cms\\\/?s={search_term_string}\"},\"query-input\":{\"@type\":\"PropertyValueSpecification\",\"valueRequired\":true,\"valueName\":\"search_term_string\"}}],\"inLanguage\":\"de\"},{\"@type\":\"Organization\",\"@id\":\"https:\\\/\\\/www.cimoio.de\\\/cms\\\/#organization\",\"name\":\"STL GmbH\",\"url\":\"https:\\\/\\\/www.cimoio.de\\\/cms\\\/\",\"logo\":{\"@type\":\"ImageObject\",\"inLanguage\":\"de\",\"@id\":\"https:\\\/\\\/www.cimoio.de\\\/cms\\\/#\\\/schema\\\/logo\\\/image\\\/\",\"url\":\"https:\\\/\\\/www.cimoio.de\\\/cms\\\/wp-content\\\/uploads\\\/2021\\\/04\\\/Logo_stl_mc_cyan_1673x261.png\",\"contentUrl\":\"https:\\\/\\\/www.cimoio.de\\\/cms\\\/wp-content\\\/uploads\\\/2021\\\/04\\\/Logo_stl_mc_cyan_1673x261.png\",\"width\":1673,\"height\":261,\"caption\":\"STL GmbH\"},\"image\":{\"@id\":\"https:\\\/\\\/www.cimoio.de\\\/cms\\\/#\\\/schema\\\/logo\\\/image\\\/\"},\"sameAs\":[\"https:\\\/\\\/de.linkedin.com\\\/company\\\/stl-gmbh\"]}]}<\/script>\n<!-- \/ Yoast SEO plugin. -->","yoast_head_json":{"title":"cimoio Blog","description":"Willkommen auf dem cimoio Blog. Hier ver\u00f6ffentlichen wir regelm\u00e4\u00dfig News zur LMS und TMS Software cimoio der STL GmbH","robots":{"index":"index","follow":"follow","max-snippet":"max-snippet:-1","max-image-preview":"max-image-preview:large","max-video-preview":"max-video-preview:-1"},"canonical":"https:\/\/www.cimoio.de\/cms\/cimoio-blog\/","og_locale":"de_DE","og_type":"article","og_title":"cimoio Blog","og_description":"Willkommen auf dem cimoio Blog. Hier ver\u00f6ffentlichen wir regelm\u00e4\u00dfig News zur LMS und TMS Software cimoio der STL GmbH","og_url":"https:\/\/www.cimoio.de\/cms\/cimoio-blog\/","og_site_name":"cimoio","article_modified_time":"2024-05-03T14:02:12+00:00","twitter_card":"summary_large_image","schema":{"@context":"https:\/\/schema.org","@graph":[{"@type":"WebPage","@id":"https:\/\/www.cimoio.de\/cms\/cimoio-blog\/","url":"https:\/\/www.cimoio.de\/cms\/cimoio-blog\/","name":"cimoio Blog","isPartOf":{"@id":"https:\/\/www.cimoio.de\/cms\/#website"},"datePublished":"2023-04-05T12:05:27+00:00","dateModified":"2024-05-03T14:02:12+00:00","description":"Willkommen auf dem cimoio Blog. Hier ver\u00f6ffentlichen wir regelm\u00e4\u00dfig News zur LMS und TMS Software cimoio der STL GmbH","breadcrumb":{"@id":"https:\/\/www.cimoio.de\/cms\/cimoio-blog\/#breadcrumb"},"inLanguage":"de","potentialAction":[{"@type":"ReadAction","target":["https:\/\/www.cimoio.de\/cms\/cimoio-blog\/"]}]},{"@type":"BreadcrumbList","@id":"https:\/\/www.cimoio.de\/cms\/cimoio-blog\/#breadcrumb","itemListElement":[{"@type":"ListItem","position":1,"name":"Home","item":"https:\/\/www.cimoio.de\/cms\/"},{"@type":"ListItem","position":2,"name":"cimoio Blog"}]},{"@type":"WebSite","@id":"https:\/\/www.cimoio.de\/cms\/#website","url":"https:\/\/www.cimoio.de\/cms\/","name":"cimoio","description":"Trainingsmanagement Software f\u00fcr Unternehmen","publisher":{"@id":"https:\/\/www.cimoio.de\/cms\/#organization"},"potentialAction":[{"@type":"SearchAction","target":{"@type":"EntryPoint","urlTemplate":"https:\/\/www.cimoio.de\/cms\/?s={search_term_string}"},"query-input":{"@type":"PropertyValueSpecification","valueRequired":true,"valueName":"search_term_string"}}],"inLanguage":"de"},{"@type":"Organization","@id":"https:\/\/www.cimoio.de\/cms\/#organization","name":"STL GmbH","url":"https:\/\/www.cimoio.de\/cms\/","logo":{"@type":"ImageObject","inLanguage":"de","@id":"https:\/\/www.cimoio.de\/cms\/#\/schema\/logo\/image\/","url":"https:\/\/www.cimoio.de\/cms\/wp-content\/uploads\/2021\/04\/Logo_stl_mc_cyan_1673x261.png","contentUrl":"https:\/\/www.cimoio.de\/cms\/wp-content\/uploads\/2021\/04\/Logo_stl_mc_cyan_1673x261.png","width":1673,"height":261,"caption":"STL GmbH"},"image":{"@id":"https:\/\/www.cimoio.de\/cms\/#\/schema\/logo\/image\/"},"sameAs":["https:\/\/de.linkedin.com\/company\/stl-gmbh"]}]}},"_links":{"self":[{"href":"https:\/\/www.cimoio.de\/cms\/wp-json\/wp\/v2\/pages\/3024","targetHints":{"allow":["GET"]}}],"collection":[{"href":"https:\/\/www.cimoio.de\/cms\/wp-json\/wp\/v2\/pages"}],"about":[{"href":"https:\/\/www.cimoio.de\/cms\/wp-json\/wp\/v2\/types\/page"}],"author":[{"embeddable":true,"href":"https:\/\/www.cimoio.de\/cms\/wp-json\/wp\/v2\/users\/5"}],"replies":[{"embeddable":true,"href":"https:\/\/www.cimoio.de\/cms\/wp-json\/wp\/v2\/comments?post=3024"}],"version-history":[{"count":13,"href":"https:\/\/www.cimoio.de\/cms\/wp-json\/wp\/v2\/pages\/3024\/revisions"}],"predecessor-version":[{"id":4163,"href":"https:\/\/www.cimoio.de\/cms\/wp-json\/wp\/v2\/pages\/3024\/revisions\/4163"}],"wp:attachment":[{"href":"https:\/\/www.cimoio.de\/cms\/wp-json\/wp\/v2\/media?parent=3024"}],"curies":[{"name":"wp","href":"https:\/\/api.w.org\/{rel}","templated":true}]}}